 base 14, what is -295d - -36?
-2927
In base 3, what is 12 + 2022222021022?
2022222021111
In base 3, what is 10102102 - 10120?
10021212
In base 14, what is -1 + -b10?
-b11
In base 6, what is -1344 - -432?
-512
In base 14, what is -a2 - -5aa4?
5a02
In base 3, what is -100101101200 - 1?
-100101101201
In base 10, what is -2 - 92181?
-92183
In base 13, what is 3 + 5463?
5466
In base 5, what is -10 + -231202104?
-231202114
In base 7, what is -5263 - -51?
-5212
In base 15, what is 30053 + 3?
30056
In base 5, what is 14204 - -10412?
30121
In base 3, what is -2201 - 211111121?
-211121022
In base 14, what is d9 - 147c?
-1383
In base 7, what is -5 - 144041?
-144046
In base 15, what is ec63 - 9?
ec59
In base 3, what is -12121101201 - 0?
-12121101201
In base 16, what is bd9e - 18?
bd86
In base 6, what is 10014150 - -3?
10014153
In base 14, what is d627dd + -4?
d627d9
In base 3, what is 112220000 + 2?
112220002
In base 5, what is 112330 + 124?
113004
In base 8, what is -2 + -51700?
-51702
In base 11, what is 41 + 16431?
16472
In base 12, what is 126 + 11635?
1175b
In base 3, what is -12 + 11120002022?
11120002010
In base 8, what is 4 - 71243?
-71237
In base 11, what is 22 + -23a31?
-23a0a
In base 14, what is -310 - -1ca?
-124
In base 11, what is -24 - a1?
-115
In base 6, what is -123351 + 1124?
-122223
In base 16, what is a8 - 1119?
-1071
In base 11, what is -1917 + -40?
-1957
In base 7, what is 24 - -351420?
351444
In base 13, what is -900 + -23a?
-b3a
In base 15, what is 2be - -1e7?
4b6
In base 11, what is 6a6 + 4?
6aa
In base 15, what is 3b679 - 5?
3b674
In base 12, what is -165 + 844?
69b
In base 5, what is -2 + 44044?
44042
In base 15, what is -50b + -3?
-50e
In base 12, what is -144 + 1594?
1450
In base 10, what is -3328 + 8?
-3320
In base 13, what is -83 + -cc5c?
-10012
In base 4, what is -1030302022 - -3?
-1030302013
In base 14, what is 3 + 26b9c8?
26b9cb
In base 3, what is 2102 + 221020?
1000122
In base 8, what is -11 + -1051?
-1062
In base 9, what is 0 + -222227?
-222227
In base 9, what is -128734 + -2?
-128736
In base 4, what is -223333133 + -11?
-223333210
In base 14, what is -17b1cc - 4?
-17b1d2
In base 8, what is -20715 - -51?
-20644
In base 2, what is 100010011111110100 - 1?
100010011111110011
In base 2, what is 1000111111000001011111 + 100?
1000111111000001100011
In base 7, what is -22251 + -4?
-22255
In base 7, what is -1341 - -2432?
1061
In base 3, what is 0 + -11011001?
-11011001
In base 7, what is -1005501 + 3?
-1005465
In base 5, what is 1030 - 4033?
-3003
In base 2, what is 10010 - 10111100110000110?
-10111100101110100
In base 13, what is 2141 - -11?
2152
In base 16, what is -27856 - -1?
-27855
In base 11, what is -2640a + -2?
-26411
In base 11, what is -1 + -14411?
-14412
In base 9, what is -2104 - -183?
-1811
In base 9, what is -3 - -32122?
32118
In base 15, what is 0 + aa9a5?
aa9a5
In base 15, what is -7 - -1344?
133c
In base 16, what is 10 - 15b97?
-15b87
In base 13, what is -b1b1 + -3?
-b1b4
In base 6, what is -3432515 + -14?
-3432533
In base 15, what is -1a3 - -6e?
-134
In base 4, what is 13230321 + -3?
13230312
In base 14, what is -13 - 551?
-564
In base 11, what is -1 + 59a19?
59a18
In base 5, what is -10233 + -3340?
-14123
In base 13, what is 4109b + 6?
410a4
In base 10, what is 969211 - 5?
969206
In base 4, what is 22 + -201013031?
-201013003
In base 5, what is -2233304 - -3?
-2233301
In base 5, what is -11042 - -4311?
-1231
In base 4, what is -2231230331 - 3?
-2231231000
In base 2, what is 111011100010 - 10011101?
111001000101
In base 16, what is -57 + -17b?
-1d2
In base 7, what is 5 - 1044126?
-1044121
In base 12, what is 1389 + -7a?
130b
In base 13, what is -20 + -338?
-358
In base 6, what is 505021 - 40?
504541
In base 12, what is -1 + 1b169?
1b168
In base 2, what is -11 + 11001001100100?
11001001100001
In base 2, what is -101100010011001001100 + -11?
-101100010011001001111
In base 2, what is 1111110010001110 - 1?
1111110010001101
In base 15, what is 15 - -25341?
25356
In base 10, what is -5 - 279357?
-279362
In base 7, what is 145141 - -1?
145142
In base 14, what is -1 - 3345?
-3346
In base 8, what is -171653 - -2?
-171651
In base 15, what is 5e1c + 8?
5e25
In base 12, what is 0 - 26a58a?
-26a58a
In base 14, what is 206ddb + 5?
207002
In base 7, what is 5100535 - 0?
5100535
In base 13, what is 2896 - -b?
28a4
In base 9, what is 576 + -117?
458
In base 7, what is 14 - 40423?
-40406
In base 4, what is 110111301 + -1?
110111300
In base 7, what is 5350 + 164?
5544
In base 9, what is 127212 - -5?
127217
In base 2, what is 11011101110110 + 110001?
11011110100111
In base 14, what is 96d6 - 1c?
96b8
In base 7, what is 2 + 22066?
22101
In base 8, what is 132056 - 2?
132054
In base 3, what is -10201 + 1021220?
1011012
In base 2, what is 1101 + 101111110?
110001011
In base 5, what is -124004303 - -3?
-124004300
In base 12, what is 9 - -31?
3a
In base 16, what is -4205 + -5a?
-425f
In base 14, what is 25aa - 19?
2591
In base 13, what is -3646 - 78?
-36c1
In base 13, what is 7 + 7674?
767b
In base 14, what is -92 + 1db?
149
In base 7, what is 43351 - -3?
43354
In base 5, what is -4 + -1201420?
-1201424
In base 10, what is -2 - 11894?
-11896
In base 8, what is 1403 + 0?
1403
In base 8, what is 4 + -235311?
-235305
In base 10, what is 5 - 8416?
-8411
In base 7, what is -4 - 2155441?
-2155445
In base 9, what is -28303 + 5?
-28287
In base 11, what is 3746 - 707?
303a
In base 16, what is -a - c014?
-c01e
In base 2, what is -1101000011111 + 100001?
-1100111111110
In base 2, what is 1000001 - -101011011110011?
101011100110100
In base 6, what is 102141 + -444?
101253
In base 9, what is -2802 - -448?
-2343
In base 4, what is 2300 + -102311?
-100011
In base 12, what is -4 - 190682?
-190686
In base 13, what is 378 - 2?
376
In base 15, what is dd + -67?
76
In base 8, what is 11 - 3435?
-3424
In base 8, what is 1327 + 24?
1353
In base 12, what is 1a8 + -9aa?
-802
In base 11, what is -48165 + -5?
-4816a
In base 5, what is -3 - -2334423?
2334420
In base 9, what is 341104 - 1?
341103
In base 14, what is -5135d + -6?
-51365
In base 14, what is 6a - -3cb?
457
In base 15, what is -2219d + 3?
-2219a
In base 3, what is 2121202022100 + -12?
2121202022011
In base 11, what is 4742 + -9?
4734
In base 12, what is 5991 - -12?
59a3
In base 3, what is 112 - -1101201?
1102020
In base 3, what is -10 - -112121201?
112121121
In base 13, what is 4920 + -8?
4915
In base 3, what is 12 - 21211000?
-21210211
In base 13, what is 9006 - -2?
9008
In base 12, what is 4 + 545b1?
545b5
In base 16, what is b - -89?
94
In base 13, what is c9 + 20?
119
In base 2, what is -1001010010010011000 - -101?
-1001010010010010011
In base 7, what is 3565256 - -5?
3565264
In base 6, what is 14152 + 3?
14155
In base 5, what is 122401334 - -4?
122401343
In base 6, what is 1210 - -40?
1250
In base 6, what is 23114 + 524?
24042
In base 8, what is 172 - -2016?
2210
In base 16, what is -4586 - 31?
-45b7
In base 3, what is -20220002 + 10?
-20212222
In base 11, what is 288889 + 4?
288892
In base 6, what is 2 - -2011133?
2011135
In base 10, what is 6 + -6122?
-6116
In base 2, what is 11010110 + -1010111?
1111111
In base 10, what is 746 - 219?
527
In base 5, what is 1 + 12133342?
12133343
In base 10, what is -1808 + 51?
-1757
In base 8, what is -3123 - -10?
-3113
In base 8, what is 727 + 672?
1621
In base 2, what is -10010 - -10001111100001010?
10001111011111000
In base 2, what is -110111101 - -10011?
-110101010
In base 11, what is -210495 + -4?
-210499
In base 13, what is 31a - 73?
277
In base 10, what is 4 + -62800?
-62796
In base 3, what is -212202220120 - -20?
-212202220100
In base 12, what is -1247 + -6?
-1251
In base 8, what is -5006367 + 2?
-5006365
In base 10, what is -24614 - 0?
-24614
In base 9, what is -13 + -144642?
-144655
In base 7, what is 521241 + 0?
521241
In base 9, what is 4 - -11806?
11811
In base 14, what is 15 - -11a2?
11b7
In base 11, what is 1 - -77a1?
77a2
In base 2, what is -10011101100100 - 100?
-10011101101000
In base 10, what is 7 + 2196?
2203
In base 4, what is -221031333 + -11?
-221032010
In base 9, what is 2111813 + 0?
2111813
In base 14, what is -5754 - -c?
-5746
In base 12, what is 5 - 469?
-464
In base 6, what is -2 + -45441?
-45443
In base 8, what is -6411 - 3